{"id":136,"date":"2023-05-19T17:15:44","date_gmt":"2023-05-19T17:15:44","guid":{"rendered":"https:\/\/amechels.lu\/home\/"},"modified":"2024-01-09T20:33:30","modified_gmt":"2024-01-09T20:33:30","slug":"home","status":"publish","type":"page","link":"https:\/\/www.amechels.lu\/de\/","title":{"rendered":"Home"},"content":{"rendered":"","protected":false},"excerpt":{"rendered":"","protected":false},"author":1,"featured_media":0,"parent":0,"menu_order":0,"comment_status":"closed","ping_status":"closed","template":"page-templates\/template-home.php","meta":{"_acf_changed":false,"inline_featured_image":false,"footnotes":""},"class_list":["post-136","page","type-page","status-publish","hentry"],"acf":[],"yoast_head":"<!-- This site is optimized with the Yoast SEO plugin v25.5 - https:\/\/yoast.com\/wordpress\/plugins\/seo\/ -->\n<title>Ferienwohnung auf dem Bauernhof | Ferienhaus | A M\u00ebchels<\/title>\n<meta name=\"description\" content=\"Urlaub auf dem Bauernhof im Naturpark Our, 2 km von Vianden entfernt. Sch\u00f6ne Wander- und Radwege f\u00fchren am Hof vorbei.\" \/>\n<meta name=\"robots\" content=\"index, follow, max-snippet:-1, max-image-preview:large, max-video-preview:-1\" \/>\n<link rel=\"canonical\" href=\"https:\/\/www.amechels.lu\/de\/\" \/>\n<meta property=\"og:locale\" content=\"de_DE\" \/>\n<meta property=\"og:type\" content=\"article\" \/>\n<meta property=\"og:title\" content=\"Ferienwohnung auf dem Bauernhof | Ferienhaus | A M\u00ebchels\" \/>\n<meta property=\"og:description\" content=\"Urlaub auf dem Bauernhof im Naturpark Our, 2 km von Vianden entfernt. Sch\u00f6ne Wander- und Radwege f\u00fchren am Hof vorbei.\" \/>\n<meta property=\"og:url\" content=\"https:\/\/www.amechels.lu\/de\/\" \/>\n<meta property=\"og:site_name\" content=\"A M\u00ebchels\" \/>\n<meta property=\"article:modified_time\" content=\"2024-01-09T20:33:30+00:00\" \/>\n<meta name=\"twitter:card\" content=\"summary_large_image\" \/>\n<script type=\"application\/ld+json\" class=\"yoast-schema-graph\">{\"@context\":\"https:\/\/schema.org\",\"@graph\":[{\"@type\":\"WebPage\",\"@id\":\"https:\/\/www.amechels.lu\/de\/\",\"url\":\"https:\/\/www.amechels.lu\/de\/\",\"name\":\"Ferienwohnung auf dem Bauernhof | Ferienhaus | A M\u00ebchels\",\"isPartOf\":{\"@id\":\"https:\/\/www.amechels.lu\/de\/#website\"},\"datePublished\":\"2023-05-19T17:15:44+00:00\",\"dateModified\":\"2024-01-09T20:33:30+00:00\",\"description\":\"Urlaub auf dem Bauernhof im Naturpark Our, 2 km von Vianden entfernt. Sch\u00f6ne Wander- und Radwege f\u00fchren am Hof vorbei.\",\"breadcrumb\":{\"@id\":\"https:\/\/www.amechels.lu\/de\/#breadcrumb\"},\"inLanguage\":\"de\",\"potentialAction\":[{\"@type\":\"ReadAction\",\"target\":[\"https:\/\/www.amechels.lu\/de\/\"]}]},{\"@type\":\"BreadcrumbList\",\"@id\":\"https:\/\/www.amechels.lu\/de\/#breadcrumb\",\"itemListElement\":[{\"@type\":\"ListItem\",\"position\":1,\"name\":\"Home\",\"item\":\"https:\/\/www.amechels.lu\/de\/\"},{\"@type\":\"ListItem\",\"position\":2,\"name\":\"Home\"}]},{\"@type\":\"WebSite\",\"@id\":\"https:\/\/www.amechels.lu\/de\/#website\",\"url\":\"https:\/\/www.amechels.lu\/de\/\",\"name\":\"A M\u00ebchels\",\"description\":\"G\u00eetes \u00e0 Luxembourg\",\"potentialAction\":[{\"@type\":\"SearchAction\",\"target\":{\"@type\":\"EntryPoint\",\"urlTemplate\":\"https:\/\/www.amechels.lu\/de\/?s={search_term_string}\"},\"query-input\":{\"@type\":\"PropertyValueSpecification\",\"valueRequired\":true,\"valueName\":\"search_term_string\"}}],\"inLanguage\":\"de\"}]}<\/script>\n<!-- \/ Yoast SEO plugin. -->","yoast_head_json":{"title":"Ferienwohnung auf dem Bauernhof | Ferienhaus | A M\u00ebchels","description":"Urlaub auf dem Bauernhof im Naturpark Our, 2 km von Vianden entfernt. Sch\u00f6ne Wander- und Radwege f\u00fchren am Hof vorbei.","robots":{"index":"index","follow":"follow","max-snippet":"max-snippet:-1","max-image-preview":"max-image-preview:large","max-video-preview":"max-video-preview:-1"},"canonical":"https:\/\/www.amechels.lu\/de\/","og_locale":"de_DE","og_type":"article","og_title":"Ferienwohnung auf dem Bauernhof | Ferienhaus | A M\u00ebchels","og_description":"Urlaub auf dem Bauernhof im Naturpark Our, 2 km von Vianden entfernt. Sch\u00f6ne Wander- und Radwege f\u00fchren am Hof vorbei.","og_url":"https:\/\/www.amechels.lu\/de\/","og_site_name":"A M\u00ebchels","article_modified_time":"2024-01-09T20:33:30+00:00","twitter_card":"summary_large_image","schema":{"@context":"https:\/\/schema.org","@graph":[{"@type":"WebPage","@id":"https:\/\/www.amechels.lu\/de\/","url":"https:\/\/www.amechels.lu\/de\/","name":"Ferienwohnung auf dem Bauernhof | Ferienhaus | A M\u00ebchels","isPartOf":{"@id":"https:\/\/www.amechels.lu\/de\/#website"},"datePublished":"2023-05-19T17:15:44+00:00","dateModified":"2024-01-09T20:33:30+00:00","description":"Urlaub auf dem Bauernhof im Naturpark Our, 2 km von Vianden entfernt. Sch\u00f6ne Wander- und Radwege f\u00fchren am Hof vorbei.","breadcrumb":{"@id":"https:\/\/www.amechels.lu\/de\/#breadcrumb"},"inLanguage":"de","potentialAction":[{"@type":"ReadAction","target":["https:\/\/www.amechels.lu\/de\/"]}]},{"@type":"BreadcrumbList","@id":"https:\/\/www.amechels.lu\/de\/#breadcrumb","itemListElement":[{"@type":"ListItem","position":1,"name":"Home","item":"https:\/\/www.amechels.lu\/de\/"},{"@type":"ListItem","position":2,"name":"Home"}]},{"@type":"WebSite","@id":"https:\/\/www.amechels.lu\/de\/#website","url":"https:\/\/www.amechels.lu\/de\/","name":"A M\u00ebchels","description":"G\u00eetes \u00e0 Luxembourg","potentialAction":[{"@type":"SearchAction","target":{"@type":"EntryPoint","urlTemplate":"https:\/\/www.amechels.lu\/de\/?s={search_term_string}"},"query-input":{"@type":"PropertyValueSpecification","valueRequired":true,"valueName":"search_term_string"}}],"inLanguage":"de"}]}},"_links":{"self":[{"href":"https:\/\/www.amechels.lu\/de\/wp-json\/wp\/v2\/pages\/136","targetHints":{"allow":["GET"]}}],"collection":[{"href":"https:\/\/www.amechels.lu\/de\/wp-json\/wp\/v2\/pages"}],"about":[{"href":"https:\/\/www.amechels.lu\/de\/wp-json\/wp\/v2\/types\/page"}],"author":[{"embeddable":true,"href":"https:\/\/www.amechels.lu\/de\/wp-json\/wp\/v2\/users\/1"}],"replies":[{"embeddable":true,"href":"https:\/\/www.amechels.lu\/de\/wp-json\/wp\/v2\/comments?post=136"}],"version-history":[{"count":50,"href":"https:\/\/www.amechels.lu\/de\/wp-json\/wp\/v2\/pages\/136\/revisions"}],"predecessor-version":[{"id":1125,"href":"https:\/\/www.amechels.lu\/de\/wp-json\/wp\/v2\/pages\/136\/revisions\/1125"}],"wp:attachment":[{"href":"https:\/\/www.amechels.lu\/de\/wp-json\/wp\/v2\/media?parent=136"}],"curies":[{"name":"wp","href":"https:\/\/api.w.org\/{rel}","templated":true}]}}

<!-- This site is optimized with the Yoast SEO plugin v25.5 - https://yoast.com/wordpress/plugins/seo/ -->
<title>Ferienwohnung auf dem Bauernhof | Ferienhaus | A Mëchels</title>
<meta name="description" content="Urlaub auf dem Bauernhof im Naturpark Our, 2 km von Vianden entfernt. Schöne Wander- und Radwege führen am Hof vorbei." />
<meta name="robots" content="index, follow, max-snippet:-1, max-image-preview:large, max-video-preview:-1" />
<link rel="canonical" href="https://www.amechels.lu/de/" />
<meta property="og:locale" content="de_DE" />
<meta property="og:type" content="article" />
<meta property="og:title" content="Ferienwohnung auf dem Bauernhof | Ferienhaus | A Mëchels" />
<meta property="og:description" content="Urlaub auf dem Bauernhof im Naturpark Our, 2 km von Vianden entfernt. Schöne Wander- und Radwege führen am Hof vorbei." />
<meta property="og:url" content="https://www.amechels.lu/de/" />
<meta property="og:site_name" content="A Mëchels" />
<meta property="article:modified_time" content="2024-01-09T20:33:30+00:00" />
<meta name="twitter:card" content="summary_large_image" />
<script type="application/ld+json" class="yoast-schema-graph">{"@context":"https://schema.org","@graph":[{"@type":"WebPage","@id":"https://www.amechels.lu/de/","url":"https://www.amechels.lu/de/","name":"Ferienwohnung auf dem Bauernhof | Ferienhaus | A Mëchels","isPartOf":{"@id":"https://www.amechels.lu/de/#website"},"datePublished":"2023-05-19T17:15:44+00:00","dateModified":"2024-01-09T20:33:30+00:00","description":"Urlaub auf dem Bauernhof im Naturpark Our, 2 km von Vianden entfernt. Schöne Wander- und Radwege führen am Hof vorbei.","breadcrumb":{"@id":"https://www.amechels.lu/de/#breadcrumb"},"inLanguage":"de","potentialAction":[{"@type":"ReadAction","target":["https://www.amechels.lu/de/"]}]},{"@type":"BreadcrumbList","@id":"https://www.amechels.lu/de/#breadcrumb","itemListElement":[{"@type":"ListItem","position":1,"name":"Home","item":"https://www.amechels.lu/de/"},{"@type":"ListItem","position":2,"name":"Home"}]},{"@type":"WebSite","@id":"https://www.amechels.lu/de/#website","url":"https://www.amechels.lu/de/","name":"A Mëchels","description":"Gîtes à Luxembourg","potentialAction":[{"@type":"SearchAction","target":{"@type":"EntryPoint","urlTemplate":"https://www.amechels.lu/de/?s={search_term_string}"},"query-input":{"@type":"PropertyValueSpecification","valueRequired":true,"valueName":"search_term_string"}}],"inLanguage":"de"}]}</script>
<!-- / Yoast SEO plugin. -->

Ferienwohnung auf dem Bauernhof | Ferienhaus | A Mëchels

Urlaub auf dem Bauernhof im Naturpark Our, 2 km von Vianden entfernt. Schöne Wander- und Radwege führen am Hof vorbei.

A Mëchels

Gîtes à Luxembourg
